(m). Give t(g).
-12
Suppose 0 = -b - 9 + 16. Let v(h) = -b*h + 3*h**3 + 2*h - 2*h**2 + 1 + 3*h. Calculate v(2).
13
Let n(v) = v**2 - 96*v + 17. Let w(y) = -7*y**2 + 617*y - 102. Let p(x) = -13*n(x) - 2*w(x). Give p(-15).
-2
Let p be (-1134)/(-28)*4/24*4. Suppose -21*z + p = -36. Let i(j) = -5*j + 2. Calculate i(z).
-13
Let f(p) = p**2 - 19*p + 40. Suppose 3*m + 0*r + 2*r - 41 = 0, -2*m + 4*r = -54. Give f(m).
6
Let b(z) = -1. Let k(f) = -3*f - 3. Let a(p) = 3*b(p) - k(p). Let v be 3*(-9)/((-54)/(-4)). Let y be v - 3/(-2 - 1). Calculate a(y).
-3
Let r(a) = -a**2 - 13*a - 9. Let v(x) = -104*x + 9661. Let o be v(93). What is r(o)?
13
Let i(a) = -a**2 + 11*a - 14. Let g be i(9). Suppose -5*p - 2 + 12 = 5*w, -4 = g*p. Let k(r) = -7*r**2 - 5*r**3 + 7*r - 3*r + 6 + 6*r**w. Calculate k(6).
-6
Let m(w) = 5*w**3 + 2*w**2 - w. Let c(z) = 31*z - 1. Let u(h) = h**2 + 30*h - 3. Let a(n) = 3*c(n) - 4*u(n). Let s be a(-7). Calculate m(s).
46
Let t(m) = -8*m - 2. Let a be (80/60)/((-4)/(-18)). Let s(d) = d. Let q(i) = a*s(i) + t(i). Give q(0).
-2
Let i(k) be the first derivative of 1/3*k**3 - 2 - 4*k + 7/2*k**2. Let u be 30 + 5 + 32 + -71. Calculate i(u).
-16
Let k(z) = 3*z + 103. Let q = 18471 + -18503. Determine k(q).
7
Let j(a) be the second derivative of -2*a**3/3 - 5*a**2/2 - 10*a - 4. Let c(o) = -2*o**2 + 4. Suppose 3*n = -7 + 7. Let i be c(n). Determine j(i).
-21
Let z(u) = -7*u + 68. Let q be z(9). Let t(b) = 2 - q*b + 23*b - 17*b. Give t(1).
3
Let j(u) = -u - 8. Let f be j(5). Let y(b) = 2*b**2 + 27*b + 15. Let q be y(f). Suppose -2*p + 3*s + 4 = -6, 12 = 2*p - q*s. Let n(h) = -h + 4. What is n(p)?
-4
Let c(h) = h**2 - 26*h + 128. Let w be ((-6 + -3)/9)/(1/(-6)). Give c(w).
8
Let t(r) = 6*r + 5 - 2*r**2 - 893891*r**3 + 893892*r**3 - 7*r**2. Let c = -15 + 20. Suppose -8 = 5*a - 4*a - 4*i, 4*a - c*i = 12. Calculate t(a).
-11
Let z be 104/65 + 0 + -1 + 14/10. Let n(o) be the third derivative of -3/2*o**3 + 0*o + 1/24*o**4 - 4*o**z + 0. Calculate n(5).
-4
Suppose -3*f + 13 = -2. Suppose -k + f*c + 3 = 2*k, 4*k - 4 = 2*c. Let t(r) = 20*r**3 - 2*r**2 + 1. Calculate t(k).
19
Let j(h) be the second derivative of 75*h + 1/20*h**5 + 2*h**2 + 0 - 1/3*h**4 - 1/6*h**3. Give j(3).
-8
Let m(u) = u**3 - 5*u**2 + 5. Let r(g) = -26*g**2 + 262*g - 16. Let w be r(10). Give m(w).
-11
Let d(p) = 8*p + 2. Let h(j) = 3*j - 1. Let u(c) = c**3 - 21*c**2 - 45*c - 24. Let r be u(23). Let m(t) = r*d(t) + 3*h(t). Determine m(11).
6
Suppose 7*b - 14*b + 462 = 0. Let f = -61 + b. Let w(a) = a**2 - 3*a - 7. Determine w(f).
3
Let i(a) = 0 - 13*a**3 + 0 - 4*a**2 + 764*a + 2 - 762*a + 11*a**3. Calculate i(-3).
14
Let z(s) = -4*s**2 - 36*s + 28. Let t(h) = 3*h**2 + 35*h - 23. Let k(m) = 5*t(m) + 4*z(m). What is k(0)?
-3
Let a(o) = -o - 1. Let p be -9*2/(-30) + 2/5. Let r be -1 + p/4 + 6/8. Suppose -32*z + 34*z = r. Give a(z).
-1
Let m(o) be the third derivative of -17*o**4/24 - o**3/6 - 1046*o**2 + 1. Let v(y) = y**3 - 4*y**2 - 4*y - 6. Let s be v(5). What is m(s)?
16
Let z be (-8)/((-40)/75) - 2. Let j(i) = 0 + 0 - i + 3. Let r be j(z). Let d(m) = -m**2 - 11*m - 4. Give d(r).
6
Let f(j) = -17*j**3 - 2*j**2 - 7*j + 1. Let w(n) = 198*n**3 + 24*n**2 + 82*n - 12. Let d(g) = 70*f(g) + 6*w(g). Let o = 6 - 3. Determine d(o).
-14
Let i(s) = s**3 - s**2 - 5*s + 2. Let j = -8720 - -8720. Give i(j).
2
Let d be (-8)/12*-6*(-2564)/(-16). Let c be d/(14/119 - (-30)/34). Let r(a) = 1 + a**2 + c*a - 639*a + 0. Give r(-1).
0
Let x(g) be the second derivative of g**7/840 - g**6/60 - g**5/24 - 5*g**4/12 + 23*g**3/2 - 2*g + 1. Let f(w) be the second derivative of x(w). Give f(7).
4
Let l(x) = -x**2 + 6*x - 7. Let y be l(5). Let m(o) be the third derivative of 1/60*o**6 + 0 + 2*o - 20*o**2 + 1/30*o**5 + 1/3*o**3 + 1/24*o**4. What is m(y)?
-8
Let d(y) = y - 1. Let p(f) = 3*f**2 + 1. Let o(g) = -18*g**2 + 31*g - 23. Let q(a) = -o(a) - 5*p(a). Let v be q(10). What is d(v)?
7
Let n(f) = f**3 - 2*f**2 + 2*f. Suppose 2*j + 5*j - 239 = -232. Give n(j).
1
Let y(n) = -54 - 13*n + n**2 + 2 - 7*n. What is y(24)?
44
Let k(c) = c + 4. Suppose 777 = 16*a - 311. Let s be 34/(-12) - a/408. What is k(s)?
1
Suppose 3*j + 213*u = 216*u + 3, -3*u - 7 = -5*j. Let l(s) = -11*s**2 + 5*s - 1. Let h(c) = -c**2 + c. Let a(b) = -4*h(b) + l(b). What is a(j)?
-27
Suppose 0 = -6*z + 2*z - 128. Let b be 376/10 + z/(-80). Let q = -35 + b. Let c(u) = -u**2 + 4*u + 1. Determine c(q).
4
Let u be (7 - 9)/(2/(-13)). Suppose 5*j - j - 3*i = 12, j - 4*i = 3. Let z(v) = 8*v - v**2 - u + 14 - 8*v + 8*v**j. Calculate z(-1).
-8
Let p(a) be the third derivative of 0*a**4 + 0 - 1/90*a**6 + 0*a + 13*a**2 - 1/120*a**5 - 3/2*a**3. Let y(r) be the first derivative of p(r). What is y(1)?
-5
Let q(n) = n + 11. Let p be 5/(-15)*372/(-2). Suppose 3*r + 2 - p = 3*v, 15 = 5*r. Let z be q(v). Let o(h) = h**3 + 6*h**2 + 3*h + 8. Calculate o(z).
-10
Let s(n) = 10*n**2 - 1. Let u(g) = -89*g**2 - 3*g. Let d(b) = -3*s(b) - u(b). Give d(-1).
59
Let c = 4622 - 4624. Let q(h) = -4*h**3 - 2*h**2 - 2. Calculate q(c).
22
Suppose w - u + 4*u - 21 = 0, -5*w + 83 = 4*u. Let n = w - 8. Suppose -4*s + 6 = -n*s. Let v(h) = 10*h. Calculate v(s).
-20
Let z(d) be the second derivative of -d**3/6 - d**2 - d. Let r = -806 + 811. Suppose v + u - 29 + 21 = 0, -r*v - 4*u = -36. What is z(v)?
-6
Let k(n) be the first derivative of n**3/3 - 3*n**2/2 + 17*n - 3208. Determine k(3).
17
Let r(m) = m - 11. Let x(u) be the third derivative of u**4/2 + 22*u**3 + 72*u**2. Let z be x(-11). Determine r(z).
-11
Let t(g) = g**3 - 3*g**2 + 3*g - 1. Let v be t(2). Let c(s) be the second derivative of 0*s**3 + 1/2*s**2 + 0 + 70*s - 5/6*s**4. Give c(v).
-9
Let c(y) = y - y - 6 + 2*y**2 + 11 - y - 17*y. Calculate c(5).
-35
Let k(b) = b**3 + 12. Suppose i - 20 = -2*c, -c + 51 = 3*i + 2*c. Suppose -a = i + 61. Let s = a + 75. Calculate k(s).
12
Let o(u) = -14*u**3 + 5*u**2 + 5*u + 5. Let k(s) = -31*s**3 + 10*s**2 + 9*s + 10. Let j(g) = 4*k(g) - 9*o(g). What is j(4)?
7
Let u(r) = 15*r**2 + r - 1. Let a = 302 - 135. Suppose -a*m + 161*m + 6 = 0. What is u(m)?
15
Let x(d) be the third derivative of d**5/60 + d**4/8 + d**3/3 + 1361*d**2. What is x(-1)?
0
Let i(l) = l**2 - 2*l - 4. Let z be i(4). Let m(w) be the second derivative of 5*w**3/3 - 3*w**2 + 829*w. What is m(z)?
34
Let a(f) = 5 - 44 + 101*f - 28 - 99*f + 14. Calculate a(28).
3
Let m(x) = x - 5. Let c(s) = 1. Let o(f) = 9*c(f) + 4*m(f). What is o(2)?
-3
Let h(z) = z**2 - z - 2. Let u(l) = -17*l + 8. Let a be u(1). Let y = -5 - a. Let m(v) = v**3 - 5*v**2 + 6*v - 6. Let j be m(y). What is h(j)?
0
Let d(o) = o**3 - 6*o**2 - 3. Let k be d(6). Let f(z) = z**2 - z - 10. Let p(q) = 10*q**2 - 7*q - 89. Let s(x) = 18*f(x) - 2*p(x). Give s(k).
-8
Let y(l) = -1. Let k(z) = -1. Let x(g) = -2*k(g) + y(g). Let a(j) = -2*j. Let w be (20/(-70))/((-12)/(-168)). Let n(r) = w*x(r) - a(r). Determine n(-4).
-12
Let r = 31515 + -63025/2. Let v(p) be the first derivative of -3 + 1/3*p**3 + r*p**2 - p. What is v(-4)?
-5
Suppose 0 = -5*c + 3*a + 9 - 1, -3*a = 3*c - 24. Let m = c - 2. Let g(h) = -14 - 4 - 4*h + 17. Determine g(m).
-9
Let g(w) = w + 6. Let p(x) = -12*x + 144. Let q be p(12). Let a be (-128)/48 - (q - (-2)/6). Calculate g(a).
3
Let g(s) = s**2 - 268*s + 13474. Let m be g(201). Let k(a) = -4*a - 1. Let y(i) = -17*i - 4. Let x(f) = 26*k(f) - 6*y(f). Determine x(m).
-16
Let q(h) be the second derivative of -11*h - 13/2*h**2 + 0 + 1/6*h**3. Let b be q(16). Let m(i) = -i**2 + 1. Calculate m(b).
-8
Let f(w) = w**3 + 4*w**2 + 2. Let t = -77 - -77. Suppose t = 10*j - 106 + 6. Suppose -4*m - j = -2*g + 4*g, -4*m - 13 = -g. Calculate f(m).
11
Let t(o) = -o**2 - 56*o - 339. Let y be t(-49). Let i(f) be the second derivative of -1/20*f**5 - 7/12*f**y + 3/2*f**3 + 6*f**2 + 0 + 53*f. Determine i(-8).
4
Let b(h) = -h**3 + 37*h**2 + 41*h - 112. Let v be b(38). Let x be v/1 + (-24)/(24/2). Let c(u) = u**2 + u - 4. Determine c(x).
-4
Let w(p) be the first derivative of -p**4/12 - p**3 + p**2/2 - 45*p + 61. Let r(k) be the first derivative of w(k). Calculate r(-6).
1
Suppose 0 = 6*w - 108 - 186. Let k = 48 - w. Let j(c) = -11*c**3 + 2*c + 1. Calculate j(k).
10
Let g(q) = 13*q + 11. Let b be (-2)/11 + 3280/(-110). Let j = 19 + b. Let c(t) = -7*t - 6. Let h(i) = j*c(i) - 6*g(i)